4?
False
Is 1954 a factor of 347673266?
True
Does 264 divide 41450647?
False
Is 4418 a factor of 42253752?
True
Is 10952460 a multiple of 9?
True
Does 122 divide 3450650318?
True
Does 72 divide 1096055647?
False
Does 11 divide 67320253?
True
Is 111 a factor of 308215149?
False
Is 11 a factor of 58805098?
True
Does 35 divide 3337630748?
False
Does 54 divide 2106864?
True
Is 2400 a factor of 73444260?
False
Does 2042 divide 287027604?
True
Is 6 a factor of 19259267?
False
Is 170261182 a multiple of 14?
True
Is 480 a factor of 10052961?
False
Is 35486748 a multiple of 14?
False
Does 48 divide 8265072?
True
Is 113679261 a multiple of 9747?
True
Is 60 a factor of 2328059?
False
Is 547 a factor of 3482025078?
False
Is 199 a factor of 53047430?
True
Is 1059 a factor of 25896843?
False
Is 123 a factor of 679173159?
True
Is 2 a factor of 14381457?
False
Is 499 a factor of 290529776?
True
Is 22059957 a multiple of 1951?
True
Is 105 a factor of 3624401?
False
Is 23450200 a multiple of 2515?
False
Is 587818314 a multiple of 562?
False
Does 98 divide 11038546?
False
Is 227367248 a multiple of 2?
True
Is 444681162 a multiple of 6658?
True
Is 4350 a factor of 1188862282?
False
Is 275240525 a multiple of 45?
False
Does 27 divide 232153317?
True
Does 14 divide 6276550?
True
Is 29 a factor of 5457761425?
False
Does 6191 divide 1296883117?
False
Is 67 a factor of 1262738869?
False
Does 23 divide 43409165?
True
Does 27 divide 798255299?
False
Is 251377932 a multiple of 201?
False
Is 554394367 a multiple of 50?
False
Is 965717847 a multiple of 351?
False
Is 727252188 a multiple of 78?
True
Does 14 divide 190811703?
False
Is 82390932 a multiple of 280?
False
Is 255099648 a multiple of 66?
False
Is 31 a factor of 1693024?
False
Does 3424 divide 358622912?
True
Is 523 a factor of 13272171?
True
Does 12 divide 103797288?
True
Is 153 a factor of 32028310?
False
Does 48 divide 251075760?
True
Does 83 divide 3118011?
False
Is 1009996310 a multiple of 883?
False
Is 4531180186 a multiple of 23?
False
Is 9 a factor of 1064403936?
True
Does 3784 divide 293396224?
True
Does 19 divide 13267469?
False
Is 63 a factor of 616064808?
False
Is 66004981 a multiple of 1735?
False
Does 13 divide 2527223401?
False
Does 135 divide 295292250?
True
Is 122 a factor of 751780836?
True
Does 7 divide 2681420?
True
Is 13407390 a multiple of 5?
True
Is 2254 a factor of 56284709?
False
Does 450 divide 31036050?
True
Does 60 divide 984140280?
True
Is 31 a factor of 2030580244?
False
Does 3186 divide 235305216?
True
Does 285 divide 6710610?
True
Is 1372413217 a multiple of 4?
False
Is 151964680 a multiple of 280?
True
Is 3156 a factor of 388314240?
True
Does 190 divide 86745980?
False
Is 3230 a factor of 720770936?
False
Is 2 a factor of 140060288?
True
Is 475 a factor of 1837456194?
False
Is 18 a factor of 1080351617?
False
Does 113 divide 26663254?
True
Is 155 a factor of 737832088?
False
Is 1618 a factor of 1898553953?
False
Is 447072967 a multiple of 11?
True
Is 222436206 a multiple of 419?
True
Does 285 divide 440419905?
True
Is 1049 a factor of 1691215863?
False
Is 176 a factor of 742052801?
False
Does 1155 divide 3305243865?
True
Is 73246068 a multiple of 56?
False
Does 685 divide 307056730?
True
Is 2574669847 a multiple of 19?
False
Does 96 divide 3027206?
False
Does 4 divide 22033769?
False
Is 487 a factor of 97003276?
False
Does 38 divide 35311876?
False
Does 79 divide 1581076?
False
Is 410 a factor of 10556680?
True
Is 208466123 a multiple of 20?
False
Does 631 divide 486850828?
False
Does 41 divide 185928112?
True
Does 5 divide 631331675?
True
Is 1334 a factor of 1099531610?
False
Is 65743899 a multiple of 13?
True
Is 123121963 a multiple of 132?
False
Is 16 a factor of 455113147?
False
Does 680 divide 71752881?
False
Is 2009 a factor of 41606390?
True
Does 21 divide 9718904?
False
Does 21 divide 6197856?
True
Is 41 a factor of 956550122?
False
Is 114 a factor of 76728042?
True
Does 18 divide 2095136442?
True
Is 6 a factor of 268057081?
False
Is 679 a factor of 12416194?
True
Is 29544224 a multiple of 64?
False
Does 277 divide 3084175637?
False
Is 43 a factor of 3849220?
False
Does 605 divide 9764631?
False
Is 8 a factor of 235196915?
False
Does 96 divide 2824512?
True
Is 16 a factor of 3331824?
True
Is 136235656 a multiple of 134?
True
Is 1679056 a multiple of 5?
False
Is 44 a factor of 18803048?
True
Is 40582202 a multiple of 138?
False
Does 880 divide 38874000?
True
Is 14 a factor of 83407338?
True
Is 461 a factor of 45986729?
False
Is 22 a factor of 567988454?
True
Does 175 divide 1841000?
True
Does 12 divide 590873724?
True
Is 155130338 a multiple of 58?
True
Is 233 a factor of 3427339363?
True
Does 296 divide 72807416?
True
Is 3 a factor of 10121132?
False
Is 3852180999 a multiple of 3357?
True
Does 952 divide 16192505?
False
Is 14898 a multiple of 19?
False
Is 6930820 a multiple of 46?
True
Is 26 a factor of 36623652?
True
Is 2047231706 a multiple of 188?
False
Does 5 divide 6366144?
False
Is 260739840 a multiple of 192?
True
Is 174505819 a multiple of 1134?
False
Does 5 divide 357424119?
False
Is 139392630 a multiple of 3510?
True
Is 246 a factor of 330285026?
False
Does 3340 divide 585264860?
True
Is 614 a factor of 26965953?
False
Does 2010 divide 669820440?
True
Is 15 a factor of 330635025?
True
Is 101322975 a multiple of 1301?
False
Is 5445400662 a multiple of 102?
True
Is 59 a factor of 50488955?
True
Is 314 a factor of 22284580?
True
Does 781 divide 77709081?
False
Does 3678 divide 153734906?
False
Is 22760036 a multiple of 707?
False
Is 200917612 a multiple of 78?
False
Is 436 a factor of 31351611?
False
Does 21 divide 370394011?
False
Is 106 a factor of 1902930831?
False
Is 4 a factor of 109704133?
False
Is 110 a factor of 157845820?
True
Is 27443832 a multiple of 14?
False
Is 8 a factor of 50851976?
True
Is 83 a factor of 95740172?
False
Is 509126247 a multiple of 1473?
True
Does 1001 divide 52350298?
True
Is 8 a factor of 12732954?
False
Is 1306 a factor of 177707987?
False
Is 24471357 a multiple of 278?
False
Does 320 divide 1272372800?
True
Does 4803 divide 393624899?
False
Does 843 divide 52468077?
False
Is 16099917 a multiple of 196?
False
Is 1267 a factor of 161239687?
True
Does 84 divide 79982952?
True
Is 612463896 a multiple of 99?
True
Is 30018816 a multiple of 43?
True
Does 473 divide 31295099?
True
Does 63 divide 165934384?
False
Is 539366319 a multiple of 477?
True
Is 204210329 a multiple of 28?
False
Is 275 a factor of 28085661?
False
Is 52007399 a multiple of 233?
False
Is 45735350 a multiple of 641?
True
Is 3 a factor of 1244876?
False
Is 125976994 a multiple of 806?
True
Is 38451712 a multiple of 52?
True
Is 547550685 a multiple of 959?
False
Does 1608 divide 1155155131?
False
Is 121715676 a multiple of 19?
False
Is 995 a factor of 248281355?
True
Is 395340 a multiple of 55?
True
Is 1452323216 a multiple of 164?
False
Is 48888745 a multiple of 23?
False
Is 548595712 a multiple of 56?
True
Is 660 a factor of 274706219?
False
Is 516 a factor of 11913408?
True
Is 10133947 a multiple of 16?
False
Is 2402754614 a multiple of 17?
False
Is 161429592 a multiple of 21?
False
Is 217281636 a multiple of 12?
True
Is 212066444 a multiple of 4559?
True
Does 10 divide 227163040?
True
Is 141910728 a multiple of 254?
False
Does 437 divide 10739062?
False
Is 550 a factor of 287217150?
True
Is 45 a factor of 9248883?
False
Is 634606145 a multiple of 336?
False
Is 811144752 a multiple of 691?
False
Does 92 divide 8806233?
False
Is 91468125 a multiple of 125?
True
Is 22881067 a multiple of 3?
False
Is 10 a factor of 931282450?
True
Does 9 divide 630132408?
True
Is 1772682408 a multiple of 7938?
True
Does 131 divide 746362151?
True
Is 570 a factor of 56903100?
True
Is 316598610 a multiple of 9?
False
Is 365778378 a multiple of 18?
True
Is 1627 a factor of 22151162?
False
Is 61057165 a multiple of 59?
False
Is 111556872 a multiple of 801?
True
Is 78772197 a multiple of 13?
False
Is 67084730 a multiple of 271?
False
Does 40 divide 145317?
False
Is 48919000 a multiple of 1000?
True
Does 34 divide 8035186?
True
Is 168713200 a multiple of 400?
True
Is 15 a factor of 495179567?
False
Does 459 divide 12231774?
False
Does 145 divide 384499980?
True
Is 22450958 a multiple of 12?
